52731.
252731
List the prime factors of 243204.
2, 3, 13, 1559
List the prime factors of 979010.
2, 5, 47, 2083
What are the prime factors of 184053?
3, 19, 3229
What are the prime factors of 671148?
2, 3, 103, 181
What are the prime factors of 2452779?
3, 7, 38933
What are the prime factors of 279687?
3, 93229
What are the prime factors of 1276315?
5, 37, 6899
What are the prime factors of 13170830?
2, 5, 1317083
List the prime factors of 14342143.
14342143
List the prime factors of 303128.
2, 7, 5413
What are the prime factors of 79227?
3, 8803
List the prime factors of 1851692.
2, 31, 109, 137
List the prime factors of 227791.
19, 631
List the prime factors of 3224095.
5, 7, 251, 367
List the prime factors of 283302.
2, 3, 15739
List the prime factors of 418379.
13, 32183
List the prime factors of 597537.
3, 2459
What are the prime factors of 832756?
2, 208189
List the prime factors of 718915.
5, 59, 2437
What are the prime factors of 4478020?
2, 5, 41, 43, 127
List the prime factors of 1639333.
83, 19751
What are the prime factors of 7047730?
2, 5, 67, 157
List the prime factors of 19350262.
2, 31, 312101
What are the prime factors of 166665?
3, 5, 41, 271
What are the prime factors of 146789?
229, 641
What are the prime factors of 5049113?
2089, 2417
List the prime factors of 14311275.
3, 5, 11, 19, 83
What are the prime factors of 6588657?
3, 732073
What are the prime factors of 187011?
3, 11, 1889
List the prime factors of 319592.
2, 7, 13, 439
List the prime factors of 1098458.
2, 549229
What are the prime factors of 167345?
5, 33469
List the prime factors of 4854137.
4854137
What are the prime factors of 342609?
3, 114203
What are the prime factors of 10450059?
3, 467, 7459
What are the prime factors of 2582735?
5, 163, 3169
List the prime factors of 4295501.
7, 19, 32297
List the prime factors of 661316.
2, 29, 5701
What are the prime factors of 9091317?
3, 1289, 2351
What are the prime factors of 21184289?
7, 1249, 2423
List the prime factors of 26001073.
7, 3714439
What are the prime factors of 21072008?
2, 2634001
What are the prime factors of 337733?
11, 30703
List the prime factors of 191167.
149, 1283
What are the prime factors of 4359406?
2, 31, 70313
What are the prime factors of 1084794?
2, 3, 180799
List the prime factors of 22583057.
7, 3226151
What are the prime factors of 1656865?
5, 7, 47339
What are the prime factors of 14698119?
3, 53, 97, 953
What are the prime factors of 355002?
2, 3, 59167
What are the prime factors of 2295045?
3, 5, 51001
What are the prime factors of 17884445?
5, 29, 123341
What are the prime factors of 3187065?
3, 5, 7, 127, 239
List the prime factors of 177218.
2, 88609
What are the prime factors of 221507?
11, 13, 1549
What are the prime factors of 1913659?
11, 173969
List the prime factors of 779491.
29, 26879
List the prime factors of 97163.
11, 73
What are the prime factors of 137269?
11, 12479
What are the prime factors of 33250009?
13, 47, 54419
What are the prime factors of 5881724?
2, 1470431
What are the prime factors of 1883151?
3, 89, 2351
What are the prime factors of 74098?
2, 37049
What are the prime factors of 6761382?
2, 3, 1126897
List the prime factors of 6009529.
19, 316291
List the prime factors of 576328.
2, 61, 1181
What are the prime factors of 248391?
3, 11, 13, 193
List the prime factors of 7154313.
3, 2384771
What are the prime factors of 1976263?
29, 68147
List the prime factors of 142768.
2, 8923
What are the prime factors of 385744?
2, 24109
List the prime factors of 29986963.
17, 23, 271, 283
List the prime factors of 10954213.
263, 41651
What are the prime factors of 32129492?
2, 1579, 5087
What are the prime factors of 4028389?
4028389
List the prime factors of 4644212.
2, 131, 8863
What are the prime factors of 26256?
2, 3, 547
What are the prime factors of 3401959?
11, 309269
What are the prime factors of 2630051?
1259, 2089
What are the prime factors of 931199?
931199
List the prime factors of 1131344.
2, 70709
List the prime factors of 45765.
3, 5, 113
List the prime factors of 32000683.
11, 13, 223781
List the prime factors of 10865742.
2, 3, 47, 53, 727
List the prime factors of 1596566.
2, 29, 27527
What are the prime factors of 825657?
3, 7, 39317
List the prime factors of 25789784.
2, 991, 3253
List the prime factors of 976432.
2, 61027
What are the prime factors of 2366271?
3, 163, 1613
List the prime factors of 7468343.
1283, 5821
List the prime factors of 26074.
2, 13037
List the prime factors of 48819.
3, 16273
List the prime factors of 33230333.
181, 183593
List the prime factors of 19743729.
3, 23, 277, 1033
List the prime factors of 15093370.
2, 5, 521, 2897
What are the prime factors of 3611042?
2, 1805521
List the prime factors of 136305.
3, 5, 13, 233
What are the prime factors of 10291394?
2, 73, 70489
List the prime factors of 392647.
392647
What are the prime factors of 5451331?
191, 28541
What are the prime factors of 382149?
3, 42461
List the prime factors of 13271318.
2, 6635659
List the prime factors of 45405.
3, 5, 1009
What are the prime factors of 9299945?
5, 179, 10391
List the prime factors of 8940147.
3, 17, 307, 571
What are the prime factors of 4802234?
2, 2401117
What are the prime factors of 3594246?
2, 3, 353, 1697
What are the prime factors of 24086307?
3, 7, 1146967
List the prime factors of 55480.
2, 5, 19, 73
List the prime factors of 303471.
3, 7, 4817
List the prime factors of 260640.
2, 3, 5, 181
What are the prime factors of 83110?
2, 5, 8311
What are the prime factors of 12250229?
59, 397, 523
List the prime factors of 777549.
3, 259183
What are the prime factors of 151795?
5, 7, 4337
List the prime factors of 1764398.
2, 882199
List the prime factors of 1033198.
2, 516599
What are the prime factors of 211822?
2, 13, 8147
What are the prime factors of 15610233?
3, 17, 306083
What are the prime factors of 2379714?
2, 3, 396619
List the prime factors of 4579646.
2, 19, 6343
List the prime factors of 10497083.
10497083
List the prime factors of 2672481.
3, 7, 127261
What are the prime factors of 2865553?
167, 17159
List the prime factors of 1835122.
2, 643, 1427
List the prime factors of 3689.
7, 17, 31
What are the prime factors of 27096141?
3, 9032047
What are the prime factors of 2775477?
3, 925159
List the prime factors of 342601.
7, 17, 2879
What are the prime factors of 211747?
211747
What are the prime factors of 3156863?
149, 21187
List the prime factors of 5893278.
2, 3, 982213
What are the prime factors of 469086?
2, 3, 37, 2113
What are the prime factors of 2029406?
2, 641, 1583
List the prime factors of 4524519.
3, 1508173
List the prime factors of 122215.
5, 24443
List the prime factors of 56484.
2, 3, 523
List the prime factors of 311211.
3, 151, 229
List the prime factors of 1293368.
2, 19, 67, 127
What are the prime factors of 169372?
2, 7, 23, 263
List the prime factors of 2374945.
5, 349, 1361
List the prime factors of 308583.
3, 11, 1039
What are the prime factors of 35021791?
7, 5003113
What are the prime factors of 392465?
5, 53, 1481
What are the prime factors of 12303989?
47, 261787
What are the prime factors of 47513?
47513
What are the prime factors of 188252?
2, 19, 2477
What are the prime factors of 9629304?
2, 3, 71, 5651
List the prime factors of 147107.
147107
List the prime factors of 3396253.
7, 653, 743
List the prime factors of 62158.
2, 31079
List the prime factors of 5267962.
2, 7, 376283
What are the prime factors of 24333230?
2, 5, 2433323
List the prime factors of 873873.
3, 7, 11, 13, 97
List the prime factors of 1234183.
17, 19, 3821
List the prime factors of 11548585.
5, 31, 74507
What are the prime factors of 7097968?
2, 617, 719
What are the prime factors of 289464?
2, 3, 7, 1723
What are the prime factors of 356598?
2, 3, 11, 1801
What are the prime factors of 3582201?
3, 7, 43, 3967
What are the prime factors of 208489?
208489
List the prime factors of 1533916.
2, 23, 16673
What are the prime factors of 741923?
7, 13, 31, 263
List the prime factors of 292326.
2, 3, 83, 587
List the prime factors of 281282.
2, 17, 8273
What are the prime factors of 1768123?
7, 252589
What are the prime factors of 39237783?
3, 13, 29, 34693
What are the prime factors of 126092?
2, 29, 1087